CRAN Package Check Results for Package ggmap

Last updated on 2019-03-27 00:47:56 CET.

Flavor Version Tinstall Tcheck Ttotal Status Flags
r-devel-linux-x86_64-debian-clang 3.0.0 10.35 56.89 67.24 OK
r-devel-linux-x86_64-debian-gcc 3.0.0 8.51 45.89 54.40 OK
r-devel-linux-x86_64-fedora-clang 3.0.0 83.30 OK
r-devel-linux-x86_64-fedora-gcc 3.0.0 76.53 OK
r-devel-windows-ix86+x86_64 3.0.0 18.00 73.00 91.00 OK
r-patched-linux-x86_64 3.0.0 7.21 54.98 62.19 OK
r-patched-solaris-x86 3.0.0 119.90 NOTE
r-release-linux-x86_64 3.0.0 7.78 54.15 61.93 OK
r-release-windows-ix86+x86_64 3.0.0 20.00 74.00 94.00 OK
r-release-osx-x86_64 3.0.0 OK
r-oldrel-windows-ix86+x86_64 3.0.0 13.00 115.00 128.00 OK
r-oldrel-osx-x86_64 3.0.0 OK

Check Details

Version: 3.0.0
Check: installed package size
Result: NOTE
     installed size is 5.1Mb
     sub-directories of 1Mb or more:
     data 4.5Mb
Flavor: r-patched-solaris-x86