CRAN Package Check Results for Package ggpol

Last updated on 2019-03-27 00:47:56 CET.

Flavor Version Tinstall Tcheck Ttotal Status Flags
r-devel-linux-x86_64-debian-clang 0.0.5 6.73 41.19 47.92 OK
r-devel-linux-x86_64-debian-gcc 0.0.5 5.57 33.38 38.95 OK
r-devel-linux-x86_64-fedora-clang 0.0.5 63.59 NOTE
r-devel-linux-x86_64-fedora-gcc 0.0.5 58.04 NOTE
r-devel-windows-ix86+x86_64 0.0.5 14.00 59.00 73.00 OK
r-patched-linux-x86_64 0.0.5 5.33 39.69 45.02 OK
r-patched-solaris-x86 0.0.5 86.80 NOTE
r-release-linux-x86_64 0.0.5 5.36 39.29 44.65 OK
r-release-windows-ix86+x86_64 0.0.5 14.00 74.00 88.00 OK
r-release-osx-x86_64 0.0.5 NOTE
r-oldrel-windows-ix86+x86_64 0.0.5 6.00 63.00 69.00 OK
r-oldrel-osx-x86_64 0.0.5 NOTE

Check Details

Version: 0.0.5
Check: dependencies in R code
Result: NOTE
    Namespaces in Imports field not imported from:
     ‘dplyr’ ‘grDevices’
     All declared Imports should be used.
Flavors: r-devel-linux-x86_64-fedora-clang, r-devel-linux-x86_64-fedora-gcc, r-patched-solaris-x86, r-release-osx-x86_64, r-oldrel-osx-x86_64