Last updated on 2019-03-27 00:47:57 CET.
Flavor | Version | Tinstall | Tcheck | Ttotal | Status | Flags |
---|---|---|---|---|---|---|
r-devel-linux-x86_64-debian-clang | 0.25.2 | 83.12 | 54.69 | 137.81 | OK | |
r-devel-linux-x86_64-debian-gcc | 0.25.2 | 53.16 | 43.95 | 97.11 | OK | |
r-devel-linux-x86_64-fedora-clang | 0.25.2 | 172.39 | OK | |||
r-devel-linux-x86_64-fedora-gcc | 0.25.2 | 156.02 | OK | |||
r-devel-windows-ix86+x86_64 | 0.25.2 | 115.00 | 230.00 | 345.00 | NOTE | |
r-patched-linux-x86_64 | 0.25.2 | 62.83 | 51.07 | 113.90 | OK | |
r-patched-solaris-x86 | 0.25.2 | 244.90 | OK | |||
r-release-linux-x86_64 | 0.25.2 | 63.74 | 50.60 | 114.34 | OK | |
r-release-windows-ix86+x86_64 | 0.25.2 | 104.00 | 313.00 | 417.00 | NOTE | |
r-release-osx-x86_64 | 0.25.1 | OK | ||||
r-oldrel-windows-ix86+x86_64 | 0.25.2 | 65.00 | 165.00 | 230.00 | NOTE | |
r-oldrel-osx-x86_64 | 0.25.1 | OK |
Version: 0.25.2
Check: installed package size
Result: NOTE
installed size is 6.3Mb
sub-directories of 1Mb or more:
libs 5.8Mb
Flavors: r-devel-windows-ix86+x86_64, r-release-windows-ix86+x86_64, r-oldrel-windows-ix86+x86_64