Last updated on 2019-03-27 00:47:57 CET.
Flavor | Version | Tinstall | Tcheck | Ttotal | Status | Flags |
---|---|---|---|---|---|---|
r-devel-linux-x86_64-debian-clang | 0.7.0 | 5.82 | 39.97 | 45.79 | OK | |
r-devel-linux-x86_64-debian-gcc | 0.7.0 | 4.20 | 32.28 | 36.48 | OK | |
r-devel-linux-x86_64-fedora-clang | 0.7.0 | 54.53 | NOTE | |||
r-devel-linux-x86_64-fedora-gcc | 0.7.0 | 51.20 | NOTE | |||
r-devel-windows-ix86+x86_64 | 0.7.0 | 12.00 | 81.00 | 93.00 | OK | |
r-patched-linux-x86_64 | 0.7.0 | 4.41 | 35.02 | 39.43 | OK | |
r-patched-solaris-x86 | 0.7.0 | 63.50 | NOTE | |||
r-release-linux-x86_64 | 0.7.0 | 4.52 | 34.54 | 39.06 | OK | |
r-release-windows-ix86+x86_64 | 0.7.0 | 10.00 | 68.00 | 78.00 | OK | |
r-release-osx-x86_64 | 0.7.0 | NOTE | ||||
r-oldrel-windows-ix86+x86_64 | 0.7.0 | 4.00 | 57.00 | 61.00 | OK | |
r-oldrel-osx-x86_64 | 0.7.0 | NOTE |
Version: 0.7.0
Check: dependencies in R code
Result: NOTE
Namespace in Imports field not imported from: ‘R6’
All declared Imports should be used.
Flavors: r-devel-linux-x86_64-fedora-clang, r-devel-linux-x86_64-fedora-gcc, r-patched-solaris-x86, r-release-osx-x86_64, r-oldrel-osx-x86_64