CRAN Package Check Results for Package googlesheets

Last updated on 2019-03-27 00:47:57 CET.

Flavor Version Tinstall Tcheck Ttotal Status Flags
r-devel-linux-x86_64-debian-clang 0.3.0 5.93 47.99 53.92 OK
r-devel-linux-x86_64-debian-gcc 0.3.0 4.59 38.62 43.21 OK
r-devel-linux-x86_64-fedora-clang 0.3.0 65.29 NOTE
r-devel-linux-x86_64-fedora-gcc 0.3.0 61.42 NOTE
r-devel-windows-ix86+x86_64 0.3.0 13.00 67.00 80.00 OK
r-patched-linux-x86_64 0.3.0 3.90 43.72 47.62 OK
r-patched-solaris-x86 0.3.0 87.00 NOTE
r-release-linux-x86_64 0.3.0 3.33 43.34 46.67 OK
r-release-windows-ix86+x86_64 0.3.0 13.00 64.00 77.00 OK
r-release-osx-x86_64 0.3.0 NOTE
r-oldrel-windows-ix86+x86_64 0.3.0 9.00 106.00 115.00 OK
r-oldrel-osx-x86_64 0.3.0 NOTE

Check Details

Version: 0.3.0
Check: dependencies in R code
Result: NOTE
    Namespace in Imports field not imported from: ‘tibble’
     All declared Imports should be used.
Flavors: r-devel-linux-x86_64-fedora-clang, r-devel-linux-x86_64-fedora-gcc, r-patched-solaris-x86, r-release-osx-x86_64, r-oldrel-osx-x86_64