Last updated on 2019-03-27 00:47:57 CET.
Flavor | Version | Tinstall | Tcheck | Ttotal | Status | Flags |
---|---|---|---|---|---|---|
r-devel-linux-x86_64-debian-clang | 0.1.1 | 4.04 | 42.20 | 46.24 | OK | |
r-devel-linux-x86_64-debian-gcc | 0.1.1 | 4.40 | 36.07 | 40.47 | OK | |
r-devel-linux-x86_64-fedora-clang | 0.1.1 | 61.53 | OK | |||
r-devel-linux-x86_64-fedora-gcc | 0.1.1 | 56.54 | OK | |||
r-devel-windows-ix86+x86_64 | 0.1.0 | 13.00 | 66.00 | 79.00 | OK | |
r-patched-linux-x86_64 | 0.1.0 | 3.68 | 41.17 | 44.85 | OK | |
r-patched-solaris-x86 | 0.1.1 | 71.90 | OK | |||
r-release-linux-x86_64 | 0.1.0 | 3.78 | 41.24 | 45.02 | OK | |
r-release-windows-ix86+x86_64 | 0.1.0 | 15.00 | 68.00 | 83.00 | OK | |
r-release-osx-x86_64 | 0.1.0 | OK | ||||
r-oldrel-osx-x86_64 | 0.1.0 | ERROR |
Version: 0.1.0
Check: whether package can be installed
Result: ERROR
Installation failed.
Flavor: r-oldrel-osx-x86_64