Last updated on 2019-03-27 00:47:57 CET.
Flavor | Version | Tinstall | Tcheck | Ttotal | Status | Flags |
---|---|---|---|---|---|---|
r-devel-linux-x86_64-debian-clang | 0.3.0 | 2.64 | 60.97 | 63.61 | OK | |
r-devel-linux-x86_64-debian-gcc | 0.3.0 | 1.94 | 45.61 | 47.55 | OK | |
r-devel-linux-x86_64-fedora-clang | 0.3.0 | 80.27 | OK | |||
r-devel-linux-x86_64-fedora-gcc | 0.3.0 | 74.68 | OK | |||
r-devel-windows-ix86+x86_64 | 0.2.0 | 10.00 | 44.00 | 54.00 | OK | |
r-patched-linux-x86_64 | 0.2.0 | 1.17 | 21.33 | 22.50 | OK | |
r-patched-solaris-x86 | 0.3.0 | 53.90 | WARN | |||
r-release-linux-x86_64 | 0.2.0 | 1.12 | 21.33 | 22.45 | OK | |
r-release-windows-ix86+x86_64 | 0.2.0 | 7.00 | 34.00 | 41.00 | OK | |
r-release-osx-x86_64 | 0.2.0 | OK | ||||
r-oldrel-windows-ix86+x86_64 | 0.2.0 | 5.00 | 46.00 | 51.00 | OK | |
r-oldrel-osx-x86_64 | 0.2.0 | OK |
Version: 0.3.0
Check: re-building of vignette outputs
Result: WARN
Error in re-building vignettes:
...
Warning in engine$weave(file, quiet = quiet, encoding = enc) :
Pandoc (>= 1.12.3) and/or pandoc-citeproc not available. Falling back to R Markdown v1.
Flavor: r-patched-solaris-x86