Last updated on 2019-03-27 00:47:58 CET.
Flavor | Version | Tinstall | Tcheck | Ttotal | Status | Flags |
---|---|---|---|---|---|---|
r-devel-linux-x86_64-debian-clang | 2.3.0 | 16.82 | 202.68 | 219.50 | OK | |
r-devel-linux-x86_64-debian-gcc | 2.3.0 | 13.15 | 408.75 | 421.90 | OK | |
r-devel-linux-x86_64-fedora-clang | 2.3.0 | 275.68 | OK | |||
r-devel-linux-x86_64-fedora-gcc | 2.3.0 | 275.25 | OK | |||
r-devel-windows-ix86+x86_64 | 2.3.0 | 34.00 | 217.00 | 251.00 | OK | |
r-patched-linux-x86_64 | 2.3.0 | 12.38 | 276.44 | 288.82 | OK | |
r-patched-solaris-x86 | 2.3.0 | 3.60 | ERROR | |||
r-release-linux-x86_64 | 2.3.0 | 13.11 | 274.01 | 287.12 | OK | |
r-release-windows-ix86+x86_64 | 2.3.0 | 26.00 | 310.00 | 336.00 | OK | |
r-release-osx-x86_64 | 2.3.0 | OK | ||||
r-oldrel-windows-ix86+x86_64 | 2.3.0 | 19.00 | 247.00 | 266.00 | OK | |
r-oldrel-osx-x86_64 | 2.3.0 | OK |
Version: 2.3.0
Check: package dependencies
Result: ERROR
Package required but not available: ‘xgboost’
See section ‘The DESCRIPTION file’ in the ‘Writing R Extensions’
manual.
Flavor: r-patched-solaris-x86