Last updated on 2019-03-27 00:47:58 CET.
Flavor | Version | Tinstall | Tcheck | Ttotal | Status | Flags |
---|---|---|---|---|---|---|
r-devel-linux-x86_64-debian-clang | 1.2-6 | 4.06 | 47.29 | 51.35 | NOTE | |
r-devel-linux-x86_64-debian-gcc | 1.2-6 | 3.40 | 36.25 | 39.65 | NOTE | |
r-devel-linux-x86_64-fedora-clang | 1.2-6 | 62.02 | NOTE | |||
r-devel-linux-x86_64-fedora-gcc | 1.2-6 | 58.55 | NOTE | |||
r-devel-windows-ix86+x86_64 | 1.2-6 | 12.00 | 59.00 | 71.00 | NOTE | |
r-patched-linux-x86_64 | 1.2-6 | 2.91 | 41.69 | 44.60 | NOTE | |
r-patched-solaris-x86 | 1.2-6 | 81.90 | NOTE | |||
r-release-linux-x86_64 | 1.2-6 | 2.95 | 42.24 | 45.19 | NOTE | |
r-release-windows-ix86+x86_64 | 1.2-6 | 9.00 | 56.00 | 65.00 | NOTE | |
r-release-osx-x86_64 | 1.2-6 | NOTE | ||||
r-oldrel-windows-ix86+x86_64 | 1.2-6 | 3.00 | 60.00 | 63.00 | OK | |
r-oldrel-osx-x86_64 | 1.2-6 | NOTE |
Version: 1.2-6
Check: package dependencies
Result: NOTE
Package suggested but not available for checking: 'glmmADMB'
Flavors: r-devel-linux-x86_64-debian-clang, r-devel-linux-x86_64-debian-gcc, r-devel-linux-x86_64-fedora-clang, r-devel-linux-x86_64-fedora-gcc, r-devel-windows-ix86+x86_64, r-patched-linux-x86_64, r-patched-solaris-x86, r-release-linux-x86_64, r-release-windows-ix86+x86_64, r-release-osx-x86_64, r-oldrel-osx-x86_64