CRAN Package Check Results for Package hrIPW

Last updated on 2019-03-27 00:47:58 CET.

Flavor Version Tinstall Tcheck Ttotal Status Flags
r-devel-linux-x86_64-debian-clang 0.1.2 6.49 60.63 67.12 WARN
r-devel-linux-x86_64-debian-gcc 0.1.2 5.71 46.19 51.90 OK
r-devel-linux-x86_64-fedora-clang 0.1.2 80.30 OK
r-devel-linux-x86_64-fedora-gcc 0.1.2 75.14 OK
r-devel-windows-ix86+x86_64 0.1.2 12.00 87.00 99.00 OK
r-patched-linux-x86_64 0.1.2 3.97 56.74 60.71 OK
r-patched-solaris-x86 0.1.2 124.70 OK
r-release-linux-x86_64 0.1.2 3.86 55.92 59.78 OK
r-release-windows-ix86+x86_64 0.1.2 9.00 72.00 81.00 OK
r-release-osx-x86_64 0.1.2 OK
r-oldrel-windows-ix86+x86_64 0.1.2 8.00 89.00 97.00 OK
r-oldrel-osx-x86_64 0.1.2 OK

Check Details

Version: 0.1.2
Check: whether package can be installed
Result: WARN
    Found the following significant warnings:
     Warning: unable to re-encode 'HRdata.r' line 14
     Warning: unable to re-encode 'hripw.r' line 26
Flavor: r-devel-linux-x86_64-debian-clang