CRAN Package Check Results for Package icenReg

Last updated on 2019-03-27 00:47:59 CET.

Flavor Version Tinstall Tcheck Ttotal Status Flags
r-devel-linux-x86_64-debian-clang 2.0.9 61.73 172.77 234.50 OK
r-devel-linux-x86_64-debian-gcc 2.0.9 53.15 129.42 182.57 OK
r-devel-linux-x86_64-fedora-clang 2.0.9 321.36 NOTE
r-devel-linux-x86_64-fedora-gcc 2.0.9 309.66 OK
r-devel-windows-ix86+x86_64 2.0.9 134.00 327.00 461.00 OK
r-patched-linux-x86_64 2.0.9 64.15 170.32 234.47 OK
r-patched-solaris-x86 2.0.9 369.40 OK
r-release-linux-x86_64 2.0.9 65.34 169.15 234.49 OK
r-release-windows-ix86+x86_64 2.0.9 134.00 304.00 438.00 OK
r-release-osx-x86_64 2.0.9 NOTE
r-oldrel-windows-ix86+x86_64 2.0.9 90.00 355.00 445.00 OK
r-oldrel-osx-x86_64 2.0.9 NOTE

Check Details

Version: 2.0.9
Check: installed package size
Result: NOTE
     installed size is 14.9Mb
     sub-directories of 1Mb or more:
     libs 13.6Mb
Flavors: r-devel-linux-x86_64-fedora-clang, r-release-osx-x86_64, r-oldrel-osx-x86_64