Last updated on 2019-03-27 00:47:59 CET.
Flavor | Version | Tinstall | Tcheck | Ttotal | Status | Flags |
---|---|---|---|---|---|---|
r-devel-linux-x86_64-debian-clang | 0.1-50 | 14.94 | 118.09 | 133.03 | OK | |
r-devel-linux-x86_64-debian-gcc | 0.1-50 | 13.00 | 91.91 | 104.91 | OK | |
r-devel-linux-x86_64-fedora-clang | 0.1-50 | 161.80 | OK | |||
r-devel-linux-x86_64-fedora-gcc | 0.1-50 | 155.23 | OK | |||
r-devel-windows-ix86+x86_64 | 0.1-50 | 27.00 | 127.00 | 154.00 | OK | |
r-patched-linux-x86_64 | 0.1-50 | 9.89 | 112.46 | 122.35 | OK | |
r-patched-solaris-x86 | 0.1-50 | 222.00 | OK | |||
r-release-linux-x86_64 | 0.1-50 | 9.56 | 113.14 | 122.70 | OK | |
r-release-windows-ix86+x86_64 | 0.1-50 | 30.00 | 132.00 | 162.00 | OK | |
r-release-osx-x86_64 | 0.1-50 | OK | ||||
r-oldrel-windows-ix86+x86_64 | 0.1-41 | 23.00 | 111.00 | 134.00 | OK | |
r-oldrel-osx-x86_64 | 0.1-50 | ERROR |
Version: 0.1-50
Check: whether package can be installed
Result: ERROR
Installation failed.
Flavor: r-oldrel-osx-x86_64