CRAN Package Check Results for Package ipeadatar

Last updated on 2019-03-27 00:48:01 CET.

Flavor Version Tinstall Tcheck Ttotal Status Flags
r-devel-linux-x86_64-debian-clang 0.1.0 2.01 19.44 21.45 ERROR
r-devel-linux-x86_64-debian-gcc 0.1.0 1.66 16.35 18.01 OK
r-devel-linux-x86_64-fedora-clang 0.1.0 26.87 NOTE
r-devel-linux-x86_64-fedora-gcc 0.1.0 25.31 NOTE
r-devel-windows-ix86+x86_64 0.1.0 4.00 36.00 40.00 OK
r-patched-linux-x86_64 0.1.0 1.29 19.86 21.15 OK
r-patched-solaris-x86 0.1.0 36.40 NOTE
r-release-linux-x86_64 0.1.0 1.21 18.50 19.71 OK
r-release-windows-ix86+x86_64 0.1.0 4.00 36.00 40.00 OK
r-release-osx-x86_64 0.1.0 NOTE
r-oldrel-osx-x86_64 0.1.0 ERROR

Check Details

Version: 0.1.0
Check: examples
Result: ERROR
    Running examples in 'ipeadatar-Ex.R' failed
    The error most likely occurred in:
    
    > base::assign(".ptime", proc.time(), pos = "CheckExEnv")
    > ### Name: available_countries
    > ### Title: List with available countries
    > ### Aliases: available_countries
    >
    > ### ** Examples
    >
    > # Available countries (in English)
    > all_countries <- available_countries()
    >
    > # Available countries (in Brazilian portuguese)
    > all_countriesBR <- available_countries(language = "br")
    Error in open.connection(con, "rb") : HTTP error 502.
    Calls: available_countries ... parse_and_simplify -> parseJSON -> parse_con -> open -> open.connection
    Execution halted
Flavor: r-devel-linux-x86_64-debian-clang

Version: 0.1.0
Check: dependencies in R code
Result: NOTE
    Namespace in Imports field not imported from: ‘curl’
     All declared Imports should be used.
Flavors: r-devel-linux-x86_64-fedora-clang, r-devel-linux-x86_64-fedora-gcc, r-patched-solaris-x86, r-release-osx-x86_64

Version: 0.1.0
Check: whether package can be installed
Result: ERROR
    Installation failed.
Flavor: r-oldrel-osx-x86_64