CRAN Package Check Results for Package isdparser

Last updated on 2019-03-27 00:48:01 CET.

Flavor Version Tinstall Tcheck Ttotal Status Flags
r-devel-linux-x86_64-debian-clang 0.3.0 2.81 71.42 74.23 OK
r-devel-linux-x86_64-debian-gcc 0.3.0 2.25 50.51 52.76 OK
r-devel-linux-x86_64-fedora-clang 0.3.0 88.23 NOTE
r-devel-linux-x86_64-fedora-gcc 0.3.0 78.33 NOTE
r-devel-windows-ix86+x86_64 0.3.0 8.00 80.00 88.00 OK
r-patched-linux-x86_64 0.3.0 1.34 65.88 67.22 OK
r-patched-solaris-x86 0.3.0 113.50 NOTE
r-release-linux-x86_64 0.3.0 1.43 64.65 66.08 OK
r-release-windows-ix86+x86_64 0.3.0 6.00 81.00 87.00 OK
r-release-osx-x86_64 0.3.0 NOTE
r-oldrel-windows-ix86+x86_64 0.3.0 4.00 114.00 118.00 OK
r-oldrel-osx-x86_64 0.3.0 NOTE

Check Details

Version: 0.3.0
Check: data for non-ASCII characters
Result: NOTE
     Note: found 104 marked UTF-8 strings
Flavors: r-devel-linux-x86_64-fedora-clang, r-devel-linux-x86_64-fedora-gcc, r-patched-solaris-x86, r-release-osx-x86_64, r-oldrel-osx-x86_64