CRAN Package Check Results for Package ivpanel

Last updated on 2019-03-27 00:48:01 CET.

Flavor Version Tinstall Tcheck Ttotal Status Flags
r-devel-linux-x86_64-debian-clang 1.0 1.73 17.71 19.44 NOTE
r-devel-linux-x86_64-debian-gcc 1.0 1.38 14.52 15.90 NOTE
r-devel-linux-x86_64-fedora-clang 1.0 23.99 NOTE
r-devel-linux-x86_64-fedora-gcc 1.0 22.35 NOTE
r-devel-windows-ix86+x86_64 1.0 5.00 40.00 45.00 NOTE
r-patched-linux-x86_64 1.0 1.07 16.28 17.35 NOTE
r-patched-solaris-x86 1.0 33.00 NOTE
r-release-linux-x86_64 1.0 1.03 16.39 17.42 NOTE
r-release-windows-ix86+x86_64 1.0 2.00 29.00 31.00 NOTE
r-release-osx-x86_64 1.0 NOTE
r-oldrel-windows-ix86+x86_64 1.0 2.00 38.00 40.00 NOTE
r-oldrel-osx-x86_64 1.0 NOTE

Check Details

Version: 1.0
Check: R code for possible problems
Result: NOTE
    hausman: no visible global function definition for 'pchisq'
    ivbe: no visible global function definition for 'cor'
    ivbe: no visible global function definition for 'pt'
    ivfixed: no visible global function definition for 'cor'
    ivfixed: no visible global function definition for 'pt'
    ivpan.formula: no visible global function definition for 'model.matrix'
    ivpan.formula: no visible global function definition for
     'model.response'
    ivrandom: no visible global function definition for 'cor'
    ivrandom: no visible global function definition for 'pt'
    summary.ivpan: no visible global function definition for 'printCoefmat'
    Undefined global functions or variables:
     cor model.matrix model.response pchisq printCoefmat pt
    Consider adding
     importFrom("stats", "cor", "model.matrix", "model.response", "pchisq",
     "printCoefmat", "pt")
    to your NAMESPACE file.
Flavors: r-devel-linux-x86_64-debian-clang, r-devel-linux-x86_64-debian-gcc, r-devel-linux-x86_64-fedora-clang, r-devel-linux-x86_64-fedora-gcc, r-devel-windows-ix86+x86_64, r-patched-linux-x86_64, r-patched-solaris-x86, r-release-linux-x86_64, r-release-windows-ix86+x86_64, r-release-osx-x86_64, r-oldrel-windows-ix86+x86_64, r-oldrel-osx-x86_64