CRAN Package Check Results for Package jpndistrict

Last updated on 2019-03-27 00:48:01 CET.

Flavor Version Tinstall Tcheck Ttotal Status Flags
r-devel-linux-x86_64-debian-clang 0.3.2 6.62 116.66 123.28 ERROR
r-devel-linux-x86_64-debian-gcc 0.3.2 6.03 92.86 98.89 OK
r-devel-linux-x86_64-fedora-clang 0.3.2 141.55 NOTE
r-devel-linux-x86_64-fedora-gcc 0.3.2 136.33 NOTE
r-devel-windows-ix86+x86_64 0.3.2 16.00 140.00 156.00 OK
r-patched-linux-x86_64 0.3.2 3.44 115.96 119.40 OK
r-patched-solaris-x86 0.3.2 220.80 NOTE
r-release-linux-x86_64 0.3.2 3.80 116.37 120.17 OK
r-release-windows-ix86+x86_64 0.3.2 11.00 185.00 196.00 OK
r-release-osx-x86_64 0.3.2 NOTE
r-oldrel-windows-ix86+x86_64 0.3.2 8.00 150.00 158.00 OK
r-oldrel-osx-x86_64 0.3.2 NOTE

Check Details

Version: 0.3.2
Check: tests
Result: ERROR
     Running 'testthat.R' [65s/72s]
    Running the tests in 'tests/testthat.R' failed.
    Complete output:
     > library(testthat)
     > library(jpndistrict)
     Loading required package: jpmesh
     This package provide map data is based on the Digital Map 25000 (Map
     Image) published by Geospatial Information Authority of Japan (Approval
     No.603FY2017 information usage <http://www.gsi.go.jp>)
     >
     > test_check("jpndistrict")
     -- 1. Failure: Failed (@test-find_city.R#26) ----------------------------------
     `find_pref(125.246875, 24.7145833333)` produced unexpected messages.
     Expected match: <U+6307><U+5B9A><U+3057><U+305F><U+5EA7><U+6A19><U+304C><U+30DD><U+30EA><U+30B4><U+30F3><U+306B><U+542B><U+307E><U+308C><U+307E><U+305B><U+3093>
     Actual values:
     * <U+6307><U+5B9A><U+3057><U+305F><U+5EA7><U+6A19><U+304C><U+30DD><U+30EA><U+30B4><U+30F3><U+306B><U+542B><U+307E><U+308C><U+307E><U+305B><U+3093>
    
    
     -- 2. Failure: Failed (@test-find_city.R#53) ----------------------------------
     `find_city(longitude = 140.639815, latitude = 36.108976)` produced unexpected messages.
     Expected match: <U+6307><U+5B9A><U+3057><U+305F><U+5EA7><U+6A19><U+304C><U+30DD><U+30EA><U+30B4><U+30F3><U+306B><U+542B><U+307E><U+308C><U+307E><U+305B><U+3093>
     Actual values:
     * <U+6307><U+5B9A><U+3057><U+305F><U+5EA7><U+6A19><U+304C><U+30DD><U+30EA><U+30B4><U+30F3><U+306B><U+542B><U+307E><U+308C><U+307E><U+305B><U+3093>
    
    
     trying URL 'http://nlftp.mlit.go.jp/ksj/gml/data/P34/P34-14/P34-14_47_GML.zip'
     Content type 'application/zip' length 9427 bytes
     ==================================================
     downloaded 9427 bytes
    
     options: ENCODING=cp932
     Reading layer `P34-14_47' from data source `/tmp/RtmpQAbRil/P34-14_47_GML/P34-14_47.shp' using driver `ESRI Shapefile'
     Simple feature collection with 65 features and 4 fields
     geometry type: POINT
     dimension: XY
     bbox: xmin: 123.0045 ymin: 24.06092 xmax: 131.2989 ymax: 27.03917
     epsg (SRID): 4612
     proj4string: +proj=longlat +ellps=GRS80 +towgs84=0,0,0,0,0,0,0 +no_defs
     == testthat results ===========================================================
     OK: 65 SKIPPED: 1 FAILED: 2
     1. Failure: Failed (@test-find_city.R#26)
     2. Failure: Failed (@test-find_city.R#53)
    
     Error: testthat unit tests failed
     Execution halted
Flavor: r-devel-linux-x86_64-debian-clang

Version: 0.3.2
Check: data for non-ASCII characters
Result: NOTE
     Note: found 502 marked UTF-8 strings
Flavors: r-devel-linux-x86_64-fedora-clang, r-devel-linux-x86_64-fedora-gcc, r-patched-solaris-x86, r-release-osx-x86_64, r-oldrel-osx-x86_64