Last updated on 2019-03-27 00:48:02 CET.
Flavor | Version | Tinstall | Tcheck | Ttotal | Status | Flags |
---|---|---|---|---|---|---|
r-devel-linux-x86_64-debian-clang | 1.0.5 | 5.10 | 88.19 | 93.29 | OK | |
r-devel-linux-x86_64-debian-gcc | 1.0.5 | 4.56 | 69.02 | 73.58 | OK | |
r-devel-linux-x86_64-fedora-clang | 1.0.5 | 115.44 | OK | |||
r-devel-linux-x86_64-fedora-gcc | 1.0.5 | 105.63 | OK | |||
r-devel-windows-ix86+x86_64 | 1.0.5 | 12.00 | 107.00 | 119.00 | OK | |
r-patched-linux-x86_64 | 1.0.5 | 3.69 | 81.50 | 85.19 | OK | |
r-patched-solaris-x86 | 1.0.5 | 164.40 | NOTE | |||
r-release-linux-x86_64 | 1.0.5 | 3.70 | 81.42 | 85.12 | OK | |
r-release-windows-ix86+x86_64 | 1.0.5 | 12.00 | 101.00 | 113.00 | OK | |
r-release-osx-x86_64 | 1.0.5 | OK | ||||
r-oldrel-windows-ix86+x86_64 | 1.0.5 | 11.00 | 177.00 | 188.00 | OK | |
r-oldrel-osx-x86_64 | 1.0.5 | OK |
Version: 1.0.5
Check: installed package size
Result: NOTE
installed size is 5.7Mb
sub-directories of 1Mb or more:
doc 2.5Mb
extdata 3.1Mb
Flavor: r-patched-solaris-x86