CRAN Package Check Results for Package leabRa

Last updated on 2019-03-27 00:48:02 CET.

Flavor Version Tinstall Tcheck Ttotal Status Flags
r-devel-linux-x86_64-debian-clang 0.1.0 5.78 135.72 141.50 WARN
r-devel-linux-x86_64-debian-gcc 0.1.0 4.41 91.84 96.25 OK
r-devel-linux-x86_64-fedora-clang 0.1.0 157.58 OK
r-devel-linux-x86_64-fedora-gcc 0.1.0 140.58 OK
r-devel-windows-ix86+x86_64 0.1.0 12.00 139.00 151.00 OK
r-patched-linux-x86_64 0.1.0 3.95 137.01 140.96 OK
r-patched-solaris-x86 0.1.0 256.40 OK
r-release-linux-x86_64 0.1.0 3.96 136.08 140.04 OK
r-release-windows-ix86+x86_64 0.1.0 8.00 160.00 168.00 OK
r-release-osx-x86_64 0.1.0 OK
r-oldrel-windows-ix86+x86_64 0.1.0 4.00 206.00 210.00 OK
r-oldrel-osx-x86_64 0.1.0 OK

Check Details

Version: 0.1.0
Check: whether package can be installed
Result: WARN
    Found the following significant warnings:
     Warning: unable to re-encode 'data.R' line 11
Flavor: r-devel-linux-x86_64-debian-clang