CRAN Package Check Results for Package learningCurve

Last updated on 2019-03-27 00:48:02 CET.

Flavor Version Tinstall Tcheck Ttotal Status Flags
r-devel-linux-x86_64-debian-clang 1.1.2 3.68 44.25 47.93 OK
r-devel-linux-x86_64-debian-gcc 1.1.2 2.53 35.86 38.39 OK
r-devel-linux-x86_64-fedora-clang 1.1.2 60.27 NOTE
r-devel-linux-x86_64-fedora-gcc 1.1.2 58.44 NOTE
r-devel-windows-ix86+x86_64 1.1.2 10.00 88.00 98.00 OK
r-patched-linux-x86_64 1.1.2 2.55 43.53 46.08 OK
r-patched-solaris-x86 1.1.2 84.50 NOTE
r-release-linux-x86_64 1.1.2 2.61 43.90 46.51 OK
r-release-windows-ix86+x86_64 1.1.2 10.00 60.00 70.00 OK
r-release-osx-x86_64 1.1.2 NOTE
r-oldrel-windows-ix86+x86_64 1.1.2 6.00 97.00 103.00 OK
r-oldrel-osx-x86_64 1.1.2 NOTE

Check Details

Version: 1.1.2
Check: dependencies in R code
Result: NOTE
    Namespaces in Imports field not imported from:
     ‘gridExtra’ ‘scales’ ‘tibble’
     All declared Imports should be used.
Flavors: r-devel-linux-x86_64-fedora-clang, r-devel-linux-x86_64-fedora-gcc, r-patched-solaris-x86, r-release-osx-x86_64, r-oldrel-osx-x86_64