Last updated on 2019-03-27 00:48:02 CET.
Flavor | Version | Tinstall | Tcheck | Ttotal | Status | Flags |
---|---|---|---|---|---|---|
r-devel-linux-x86_64-debian-clang | 0.4.3 | 8.74 | 157.09 | 165.83 | OK | |
r-devel-linux-x86_64-debian-gcc | 0.4.3 | 7.20 | 117.56 | 124.76 | OK | |
r-devel-linux-x86_64-fedora-clang | 0.4.3 | 205.29 | OK | |||
r-devel-linux-x86_64-fedora-gcc | 0.4.3 | 190.89 | OK | |||
r-devel-windows-ix86+x86_64 | 0.4.3 | 19.00 | 184.00 | 203.00 | OK | |
r-patched-linux-x86_64 | 0.4.3 | 6.60 | 159.44 | 166.04 | OK | |
r-patched-solaris-x86 | 0.4.3 | 258.40 | OK | |||
r-release-linux-x86_64 | 0.4.3 | 6.71 | 160.88 | 167.59 | OK | |
r-release-windows-ix86+x86_64 | 0.4.3 | 18.00 | 183.00 | 201.00 | WARN | |
r-release-osx-x86_64 | 0.4.3 | OK | ||||
r-oldrel-windows-ix86+x86_64 | 0.4.3 | 7.00 | 271.00 | 278.00 | OK | |
r-oldrel-osx-x86_64 | 0.4.3 | OK |
Version: 0.4.3
Check: whether package can be installed
Result: WARN
Found the following significant warnings:
Warning: S3 methods '[.fun_list', '[.grouped_df', 'all.equal.tbl_df', 'anti_join.data.frame', 'anti_join.tbl_df', 'arrange.data.frame', 'arrange.default', 'arrange.grouped_df', 'arrange.tbl_df', 'arrange_.data.frame', 'arrange_.tbl_df', 'as.data.frame.grouped_df', 'as.data.frame.rowwise_df', 'as.data.frame.tbl_cube', 'as.table.tbl_cube', 'as.tbl.data.frame', 'as.tbl.tbl', 'as.tbl_cube.array', 'as.tbl_cube.data.frame', 'as.tbl_cube.matrix', 'as.tbl_cube.table', 'as_tibble.grouped_df', 'as_tibble.tbl_cube', 'auto_copy.tbl_cube', 'auto_copy.tbl_df', 'cbind.grouped_df', 'collapse.data.frame', 'collect.data.frame', 'common_by.NULL', 'common_by.character', 'common_by.default', 'common_by.list', 'compute.data.frame', 'copy_to.DBIConnection', 'copy_to.src_local', 'default_missing.data.frame', 'default_missing.default', 'dim.tbl_cube', 'distinct.data.frame', 'distinct.default', 'distinct.grouped_df', 'distinct.tbl_df', 'distinct_.data.frame', 'distinct_.grouped_df', 'distinct_.tbl_df', 'do.NULL', 'do.da [... truncated]
Flavor: r-release-windows-ix86+x86_64