CRAN Package Check Results for Package lingtypology

Last updated on 2019-03-27 00:48:02 CET.

Flavor Version Tinstall Tcheck Ttotal Status Flags
r-devel-linux-x86_64-debian-clang 1.0.13 7.20 73.49 80.69 OK
r-devel-linux-x86_64-debian-gcc 1.0.13 5.89 59.17 65.06 OK
r-devel-linux-x86_64-fedora-clang 1.0.13 101.01 NOTE
r-devel-linux-x86_64-fedora-gcc 1.0.13 94.25 NOTE
r-devel-windows-ix86+x86_64 1.0.13 16.00 131.00 147.00 OK
r-patched-linux-x86_64 1.0.13 6.23 67.38 73.61 OK
r-patched-solaris-x86 1.0.13 125.70 NOTE
r-release-linux-x86_64 1.0.13 5.67 65.69 71.36 OK
r-release-windows-ix86+x86_64 1.0.13 14.00 85.00 99.00 OK
r-release-osx-x86_64 1.0.13 NOTE
r-oldrel-windows-ix86+x86_64 1.0.13 11.00 144.00 155.00 OK
r-oldrel-osx-x86_64 1.0.13 NOTE

Check Details

Version: 1.0.13
Check: data for non-ASCII characters
Result: NOTE
     Note: found 120 marked UTF-8 strings
Flavors: r-devel-linux-x86_64-fedora-clang, r-devel-linux-x86_64-fedora-gcc, r-patched-solaris-x86, r-release-osx-x86_64, r-oldrel-osx-x86_64