CRAN Package Check Results for Package loose.rock

Last updated on 2019-03-27 00:48:03 CET.

Flavor Version Tinstall Tcheck Ttotal Status Flags
r-devel-linux-x86_64-debian-clang 1.0.9 3.19 61.68 64.87 OK
r-devel-linux-x86_64-debian-gcc 1.0.9 3.34 49.64 52.98 OK
r-devel-linux-x86_64-fedora-clang 1.0.9 79.67 NOTE
r-devel-linux-x86_64-fedora-gcc 1.0.9 79.38 NOTE
r-devel-windows-ix86+x86_64 1.0.9 10.00 186.00 196.00 ERROR
r-patched-linux-x86_64 1.0.9 2.88 62.28 65.16 OK
r-patched-solaris-x86 1.0.9 108.30 NOTE
r-release-linux-x86_64 1.0.9 2.51 61.28 63.79 OK
r-release-windows-ix86+x86_64 1.0.9 9.00 235.00 244.00 OK
r-release-osx-x86_64 1.0.9 ERROR
r-oldrel-windows-ix86+x86_64 1.0.9 5.00 222.00 227.00 OK
r-oldrel-osx-x86_64 1.0.9 ERROR

Check Details

Version: 1.0.9
Check: dependencies in R code
Result: NOTE
    Namespaces in Imports field not imported from:
     ‘futile.options’ ‘ggfortify’ ‘grDevices’ ‘stats’
     All declared Imports should be used.
Flavors: r-devel-linux-x86_64-fedora-clang, r-devel-linux-x86_64-fedora-gcc, r-patched-solaris-x86, r-release-osx-x86_64, r-oldrel-osx-x86_64

Version: 1.0.9
Check: tests
Result: ERROR
     Running 'testthat.R' [36s]
    Running the tests in 'tests/testthat.R' failed.
    Complete output:
     > library(testthat)
     > library(loose.rock)
     >
     > test_check("loose.rock")
     -- 1. Error: coding genes retrieves some genes (@test-coding.genes.R#4) -------
     replacement has 0 rows, data has 86
     1: coding.genes(verbose = FALSE) at testthat/test-coding.genes.R:4
     2: `$<-`(`*tmp*`, "ccds_status", value = structure(integer(0), .Label = character(0), class = "factor"))
     3: `$<-.data.frame`(`*tmp*`, "ccds_status", value = structure(integer(0), .Label = character(0), class = "factor"))
     4: stop(sprintf(ngettext(N, "replacement has %d row, data has %d", "replacement has %d rows, data has %d"),
     N, nrows), domain = NA)
    
     == testthat results ===========================================================
     OK: 145 SKIPPED: 2 FAILED: 1
     1. Error: coding genes retrieves some genes (@test-coding.genes.R#4)
    
     Error: testthat unit tests failed
     Execution halted
Flavor: r-devel-windows-ix86+x86_64

Version: 1.0.9
Check: tests
Result: ERROR
     Running ‘testthat.R’ [10s/65s]
    Running the tests in ‘tests/testthat.R’ failed.
    Last 13 lines of output:
     >
     > test_check("loose.rock")
     ── 1. Failure: run.cache base.dir in folder that does not have access (@test-run
     `run.cache(sum, 1, 2, 3, 4, 5, show.message = FALSE, base.dir = "/")` did not produce any warnings.
    
     ── 2. Failure: run.cache base.dir in folder that does not have access (@test-run
     `run.cache(sum, 1, 2, 3, 4, 5, show.message = FALSE, base.dir = "/daca")` did not produce any warnings.
    
     ══ testthat results ═══════════════════════════════════════════════════════════
     OK: 147 SKIPPED: 0 FAILED: 2
     1. Failure: run.cache base.dir in folder that does not have access (@test-run.cache.R#27)
     2. Failure: run.cache base.dir in folder that does not have access (@test-run.cache.R#36)
    
     Error: testthat unit tests failed
     Execution halted
Flavor: r-release-osx-x86_64

Version: 1.0.9
Check: tests
Result: ERROR
     Running ‘testthat.R’ [13s/79s]
    Running the tests in ‘tests/testthat.R’ failed.
    Last 13 lines of output:
     >
     > test_check("loose.rock")
     ── 1. Failure: run.cache base.dir in folder that does not have access (@test-run
     `run.cache(sum, 1, 2, 3, 4, 5, show.message = FALSE, base.dir = "/")` did not produce any warnings.
    
     ── 2. Failure: run.cache base.dir in folder that does not have access (@test-run
     `run.cache(sum, 1, 2, 3, 4, 5, show.message = FALSE, base.dir = "/daca")` did not produce any warnings.
    
     ══ testthat results ═══════════════════════════════════════════════════════════
     OK: 147 SKIPPED: 0 FAILED: 2
     1. Failure: run.cache base.dir in folder that does not have access (@test-run.cache.R#27)
     2. Failure: run.cache base.dir in folder that does not have access (@test-run.cache.R#36)
    
     Error: testthat unit tests failed
     Execution halted
Flavor: r-oldrel-osx-x86_64