Last updated on 2019-03-27 00:48:03 CET.
Flavor | Version | Tinstall | Tcheck | Ttotal | Status | Flags |
---|---|---|---|---|---|---|
r-devel-linux-x86_64-debian-clang | 0.1.4 | 4.48 | 32.41 | 36.89 | OK | |
r-devel-linux-x86_64-debian-gcc | 0.1.4 | 4.34 | 26.36 | 30.70 | OK | |
r-devel-linux-x86_64-fedora-clang | 0.1.4 | 45.28 | NOTE | |||
r-devel-linux-x86_64-fedora-gcc | 0.1.4 | 41.81 | OK | |||
r-devel-windows-ix86+x86_64 | 0.1.4 | 17.00 | 49.00 | 66.00 | NOTE | |
r-patched-linux-x86_64 | 0.1.4 | 3.79 | 31.97 | 35.76 | OK | |
r-patched-solaris-x86 | 0.1.4 | 67.90 | NOTE | |||
r-release-linux-x86_64 | 0.1.4 | 2.89 | 30.94 | 33.83 | OK | |
r-release-windows-ix86+x86_64 | 0.1.4 | 15.00 | 66.00 | 81.00 | NOTE | |
r-release-osx-x86_64 | 0.1.4 | NOTE | ||||
r-oldrel-windows-ix86+x86_64 | 0.1.4 | 13.00 | 75.00 | 88.00 | NOTE | |
r-oldrel-osx-x86_64 | 0.1.4 | NOTE |
Version: 0.1.4
Check: installed package size
Result: NOTE
installed size is 12.3Mb
sub-directories of 1Mb or more:
TS_files 5.9Mb
base_files 6.3Mb
Flavors: r-devel-linux-x86_64-fedora-clang, r-devel-windows-ix86+x86_64, r-patched-solaris-x86, r-release-windows-ix86+x86_64, r-release-osx-x86_64, r-oldrel-windows-ix86+x86_64, r-oldrel-osx-x86_64