CRAN Package Check Results for Package maps

Last updated on 2019-03-27 00:48:03 CET.

Flavor Version Tinstall Tcheck Ttotal Status Flags
r-devel-linux-x86_64-debian-clang 3.3.0 8.41 33.37 41.78 OK
r-devel-linux-x86_64-debian-gcc 3.3.0 6.00 26.62 32.62 OK
r-devel-linux-x86_64-fedora-clang 3.3.0 53.09 OK
r-devel-linux-x86_64-fedora-gcc 3.3.0 48.41 OK
r-devel-windows-ix86+x86_64 3.3.0 47.00 90.00 137.00 NOTE
r-patched-linux-x86_64 3.3.0 6.28 30.18 36.46 OK
r-patched-solaris-x86 3.3.0 73.20 NOTE
r-release-linux-x86_64 3.3.0 6.87 29.71 36.58 OK
r-release-windows-ix86+x86_64 3.3.0 47.00 60.00 107.00 OK
r-release-osx-x86_64 3.3.0 OK
r-oldrel-windows-ix86+x86_64 3.3.0 31.00 82.00 113.00 OK
r-oldrel-osx-x86_64 3.3.0 OK

Check Details

Version: 3.3.0
Check: whether package can be installed
Result: NOTE
    Found the following notes/warnings:
     Non-staged installation was used
Flavor: r-devel-windows-ix86+x86_64

Version: 3.3.0
Check: installed package size
Result: NOTE
     installed size is 5.3Mb
     sub-directories of 1Mb or more:
     mapdata 4.2Mb
Flavor: r-patched-solaris-x86