CRAN Package Check Results for Package mapview

Last updated on 2019-03-27 00:48:03 CET.

Flavor Version Tinstall Tcheck Ttotal Status Flags
r-devel-linux-x86_64-debian-clang 2.6.3 37.11 107.69 144.80 OK
r-devel-linux-x86_64-debian-gcc 2.6.3 30.48 87.29 117.77 OK
r-devel-linux-x86_64-fedora-clang 2.6.3 193.95 OK
r-devel-linux-x86_64-fedora-gcc 2.6.3 177.36 OK
r-devel-windows-ix86+x86_64 2.6.3 68.00 182.00 250.00 OK
r-patched-linux-x86_64 2.6.3 29.94 106.13 136.07 OK
r-patched-solaris-x86 2.6.3 229.80 OK
r-release-linux-x86_64 2.6.3 30.85 104.57 135.42 OK
r-release-windows-ix86+x86_64 2.6.3 80.00 186.00 266.00 OK
r-release-osx-x86_64 2.6.3 OK
r-oldrel-windows-ix86+x86_64 2.6.3 61.00 243.00 304.00 NOTE
r-oldrel-osx-x86_64 2.6.3 NOTE

Check Details

Version: 2.6.3
Check: R code for possible problems
Result: NOTE
    is_literally_false: no visible global function definition for 'isFALSE'
    Undefined global functions or variables:
     isFALSE
Flavors: r-oldrel-windows-ix86+x86_64, r-oldrel-osx-x86_64