Last updated on 2019-03-27 00:48:03 CET.
Flavor | Version | Tinstall | Tcheck | Ttotal | Status | Flags |
---|---|---|---|---|---|---|
r-devel-linux-x86_64-debian-clang | 1.0.1 | 9.92 | 100.58 | 110.50 | WARN | |
r-devel-linux-x86_64-debian-gcc | 1.0.1 | 7.90 | 79.21 | 87.11 | OK | |
r-devel-linux-x86_64-fedora-clang | 1.0.1 | 141.59 | NOTE | |||
r-devel-linux-x86_64-fedora-gcc | 1.0.1 | 126.28 | NOTE | |||
r-devel-windows-ix86+x86_64 | 1.0.1 | 25.00 | 190.00 | 215.00 | OK | |
r-patched-linux-x86_64 | 1.0.1 | 6.82 | 96.98 | 103.80 | OK | |
r-patched-solaris-x86 | 1.0.1 | 180.70 | NOTE | |||
r-release-linux-x86_64 | 1.0.1 | 6.68 | 93.85 | 100.53 | OK | |
r-release-windows-ix86+x86_64 | 1.0.1 | 21.00 | 114.00 | 135.00 | OK | |
r-release-osx-x86_64 | 1.0.1 | NOTE | ||||
r-oldrel-windows-ix86+x86_64 | 1.0.1 | 14.00 | 167.00 | 181.00 | OK | |
r-oldrel-osx-x86_64 | 1.0.1 | NOTE |
Version: 1.0.1
Check: whether package can be installed
Result: WARN
Found the following significant warnings:
Warning: unable to re-encode 'mcMST-package.R' lines 27, 31
Warning: unable to re-encode 'mcMSTPrim.R' line 16
Flavor: r-devel-linux-x86_64-debian-clang
Version: 1.0.1
Check: dependencies in R code
Result: NOTE
Namespaces in Imports field not imported from:
‘parallelMap’ ‘reshape2’
All declared Imports should be used.
Flavors: r-devel-linux-x86_64-fedora-clang, r-devel-linux-x86_64-fedora-gcc, r-patched-solaris-x86, r-release-osx-x86_64, r-oldrel-osx-x86_64