CRAN Package Check Results for Package mcemGLM

Last updated on 2019-03-27 00:48:03 CET.

Flavor Version Tinstall Tcheck Ttotal Status Flags
r-devel-linux-x86_64-debian-clang 1.1 594.10 38.41 632.51 OK --no-vignettes
r-devel-linux-x86_64-debian-gcc 1.1 422.60 30.55 453.15 OK --no-vignettes
r-devel-linux-x86_64-fedora-clang 1.1 1068.19 NOTE --no-vignettes
r-devel-linux-x86_64-fedora-gcc 1.1 879.04 NOTE --no-vignettes
r-devel-windows-ix86+x86_64 1.1 1451.00 86.00 1537.00 OK --no-vignettes
r-patched-linux-x86_64 1.1 535.24 37.33 572.57 OK --no-vignettes
r-patched-solaris-x86 1.1 621.60 OK --no-vignettes
r-release-linux-x86_64 1.1 540.66 36.49 577.15 OK --no-vignettes
r-release-windows-ix86+x86_64 1.1 1396.00 83.00 1479.00 OK --no-vignettes
r-release-osx-x86_64 1.1 FAIL
r-oldrel-windows-ix86+x86_64 1.1 1110.00 96.00 1206.00 OK --no-vignettes
r-oldrel-osx-x86_64 1.1 FAIL

Check Details

Version: 1.1
Flags: --no-vignettes
Check: installed package size
Result: NOTE
     installed size is 12.5Mb
     sub-directories of 1Mb or more:
     doc 2.1Mb
     libs 10.2Mb
Flavor: r-devel-linux-x86_64-fedora-clang

Version: 1.1
Flags: --no-vignettes
Check: compiled code
Result: NOTE
    File ‘mcemGLM/libs/mcemGLM.so’:
     Found no calls to: ‘R_registerRoutines’, ‘R_useDynamicSymbols’
    
    It is good practice to register native routines and to disable symbol
    search.
    
    See ‘Writing portable packages’ in the ‘Writing R Extensions’ manual.
Flavors: r-devel-linux-x86_64-fedora-clang, r-devel-linux-x86_64-fedora-gcc

Version: 1.1
Check: installed package size
Result: NOTE
     installed size is 8.5Mb
     sub-directories of 1Mb or more:
     doc 2.1Mb
     libs 6.1Mb
Flavors: r-release-osx-x86_64, r-oldrel-osx-x86_64

Version: 1.1
Check: running R code from vignettes
Result: ERROR
    Errors in running code in vignettes:
    when running code in ‘mcemGLM-vignette.Rnw’
     ...
     6 : 6 6 : 6 Max. :1.000
     (Other):324 (Other):324
    
    > fitBernoulli <- mcemGLMM(fixed = Mate ~ 0 + Cross,
    + random = list(~0 + Female, ~0 + Male), data = salamander,
    + family = "bernoulli", vcD .... [TRUNCATED]
    
    Execution halted
    
    ... incomplete output. Crash?
Flavor: r-release-osx-x86_64

Version: 1.1
Check: re-building of vignette outputs
Result: FAIL
    
Flavor: r-release-osx-x86_64

Version: 1.1
Check: running R code from vignettes
Result: FAIL
    
Flavor: r-oldrel-osx-x86_64