Last updated on 2019-03-27 00:48:04 CET.
Flavor | Version | Tinstall | Tcheck | Ttotal | Status | Flags |
---|---|---|---|---|---|---|
r-devel-linux-x86_64-debian-clang | 0.3-3 | 25.29 | 225.83 | 251.12 | OK | |
r-devel-linux-x86_64-debian-gcc | 0.3-3 | 21.57 | 187.72 | 209.29 | OK | |
r-devel-linux-x86_64-fedora-clang | 0.3-3 | 340.45 | OK | |||
r-devel-linux-x86_64-fedora-gcc | 0.3-3 | 321.26 | OK | |||
r-devel-windows-ix86+x86_64 | 0.3-3 | 61.00 | 381.00 | 442.00 | OK | |
r-patched-linux-x86_64 | 0.3-3 | 19.40 | 232.52 | 251.92 | OK | |
r-patched-solaris-x86 | 0.3-3 | 501.50 | OK | |||
r-release-linux-x86_64 | 0.3-3 | 17.83 | 226.87 | 244.70 | OK | |
r-release-windows-ix86+x86_64 | 0.3-3 | 68.00 | 245.00 | 313.00 | OK | |
r-release-osx-x86_64 | 0.3-3 | OK | ||||
r-oldrel-windows-ix86+x86_64 | 0.3-1 | 21.00 | 143.00 | 164.00 | OK | |
r-oldrel-osx-x86_64 | 0.3-3 | ERROR |
Version: 0.3-3
Check: whether package can be installed
Result: ERROR
Installation failed.
Flavor: r-oldrel-osx-x86_64