CRAN Package Check Results for Package meboot

Last updated on 2019-03-27 00:48:04 CET.

Flavor Version Tinstall Tcheck Ttotal Status Flags
r-devel-linux-x86_64-debian-clang 1.4-7 5.02 44.34 49.36 OK
r-devel-linux-x86_64-debian-gcc 1.4-7 4.18 36.01 40.19 OK
r-devel-linux-x86_64-fedora-clang 1.4-7 64.76 NOTE
r-devel-linux-x86_64-fedora-gcc 1.4-7 58.90 NOTE
r-devel-windows-ix86+x86_64 1.4-7 16.00 84.00 100.00 OK
r-patched-linux-x86_64 1.4-7 3.67 45.74 49.41 OK
r-patched-solaris-x86 1.4-7 87.40 OK
r-release-linux-x86_64 1.4-7 2.89 45.83 48.72 OK
r-release-windows-ix86+x86_64 1.4-7 20.00 141.00 161.00 OK
r-release-osx-x86_64 1.4-7 OK
r-oldrel-windows-ix86+x86_64 1.4-7 9.00 80.00 89.00 OK
r-oldrel-osx-x86_64 1.4-7 OK

Check Details

Version: 1.4-7
Check: compiled code
Result: NOTE
    File ‘meboot/libs/meboot.so’:
     Found no calls to: ‘R_registerRoutines’, ‘R_useDynamicSymbols’
    
    It is good practice to register native routines and to disable symbol
    search.
    
    See ‘Writing portable packages’ in the ‘Writing R Extensions’ manual.
Flavors: r-devel-linux-x86_64-fedora-clang, r-devel-linux-x86_64-fedora-gcc