Last updated on 2019-03-27 00:48:04 CET.
Flavor | Version | Tinstall | Tcheck | Ttotal | Status | Flags |
---|---|---|---|---|---|---|
r-devel-linux-x86_64-debian-clang | 0.1.0 | 54.14 | 39.80 | 93.94 | WARN | |
r-devel-linux-x86_64-debian-gcc | 0.1.0 | 42.84 | 31.66 | 74.50 | OK | |
r-devel-linux-x86_64-fedora-clang | 0.1.0 | 142.72 | NOTE | |||
r-devel-linux-x86_64-fedora-gcc | 0.1.0 | 124.59 | OK | |||
r-devel-windows-ix86+x86_64 | 0.1.0 | 141.00 | 101.00 | 242.00 | OK | |
r-patched-linux-x86_64 | 0.1.0 | 48.97 | 38.02 | 86.99 | OK | |
r-patched-solaris-x86 | 0.1.0 | 126.40 | OK | |||
r-release-linux-x86_64 | 0.1.0 | 55.07 | 38.41 | 93.48 | OK | |
r-release-windows-ix86+x86_64 | 0.1.0 | 139.00 | 73.00 | 212.00 | OK | |
r-release-osx-x86_64 | 0.1.0 | OK | ||||
r-oldrel-windows-ix86+x86_64 | 0.1.0 | 108.00 | 100.00 | 208.00 | OK | |
r-oldrel-osx-x86_64 | 0.1.0 | OK |
Version: 0.1.0
Check: whether package can be installed
Result: WARN
Found the following significant warnings:
Warning: unable to re-encode 'RcppExports.R' lines 395, 424
Flavor: r-devel-linux-x86_64-debian-clang
Version: 0.1.0
Check: installed package size
Result: NOTE
installed size is 5.2Mb
sub-directories of 1Mb or more:
doc 1.6Mb
libs 3.3Mb
Flavor: r-devel-linux-x86_64-fedora-clang