CRAN Package Check Results for Package mephas

Last updated on 2019-03-27 00:48:04 CET.

Flavor Version Tinstall Tcheck Ttotal Status Flags
r-devel-linux-x86_64-debian-clang 1.0.0 13.54 91.14 104.68 OK
r-devel-linux-x86_64-debian-gcc 1.0.0 14.79 74.03 88.82 OK
r-devel-linux-x86_64-fedora-clang 1.0.0 143.04 OK
r-devel-linux-x86_64-fedora-gcc 1.0.0 123.32 OK
r-devel-windows-ix86+x86_64 1.0.0 31.00 111.00 142.00 OK
r-patched-linux-x86_64 1.0.0 13.20 91.98 105.18 OK
r-patched-solaris-x86 1.0.0 187.20 OK
r-release-linux-x86_64 1.0.0 11.38 90.54 101.92 OK
r-release-windows-ix86+x86_64 1.0.0 25.00 179.00 204.00 OK
r-release-osx-x86_64 1.0.0 OK
r-oldrel-windows-ix86+x86_64 0.1.0 39.00 175.00 214.00 OK
r-oldrel-osx-x86_64 1.0.0 ERROR

Check Details

Version: 1.0.0
Check: whether package can be installed
Result: ERROR
    Installation failed.
Flavor: r-oldrel-osx-x86_64