CRAN Package Check Results for Package miWQS

Last updated on 2019-03-27 00:48:05 CET.

Flavor Version Tinstall Tcheck Ttotal Status Flags
r-devel-linux-x86_64-debian-clang 0.0.9 9.32 113.08 122.40 WARN
r-devel-linux-x86_64-debian-gcc 0.0.9 9.09 86.80 95.89 OK
r-devel-linux-x86_64-fedora-clang 0.0.9 151.62 NOTE
r-devel-linux-x86_64-fedora-gcc 0.0.9 139.84 NOTE
r-devel-windows-ix86+x86_64 0.0.9 23.00 132.00 155.00 OK
r-patched-linux-x86_64 0.0.9 7.88 111.47 119.35 OK
r-patched-solaris-x86 0.0.9 216.70 NOTE
r-release-linux-x86_64 0.0.9 6.61 109.46 116.07 OK
r-release-windows-ix86+x86_64 0.0.9 22.00 131.00 153.00 OK
r-release-osx-x86_64 0.0.9 NOTE
r-oldrel-osx-x86_64 0.0.9 ERROR

Check Details

Version: 0.0.9
Check: whether package can be installed
Result: WARN
    Found the following significant warnings:
     Warning: unable to re-encode 'estimate_wqs_WQS.R' lines 27, 29, 31
     Warning: unable to re-encode 'impute_Lubin.R' lines 42, 44
     Warning: unable to re-encode 'impute_univariate_bayesian_imputation_stage1.R' line 394
     Warning: unable to re-encode 'pool_mi_stage3.R' lines 28, 30
     Warning: unable to re-encode 'simdata87.R' lines 9, 29, 30
Flavor: r-devel-linux-x86_64-debian-clang

Version: 0.0.9
Check: dependencies in R code
Result: NOTE
    Namespace in Imports field not imported from: ‘graphics’
     All declared Imports should be used.
Flavors: r-devel-linux-x86_64-fedora-clang, r-devel-linux-x86_64-fedora-gcc, r-patched-solaris-x86, r-release-osx-x86_64

Version: 0.0.9
Check: whether package can be installed
Result: ERROR
    Installation failed.
Flavor: r-oldrel-osx-x86_64