Last updated on 2019-03-27 00:48:04 CET.
Flavor | Version | Tinstall | Tcheck | Ttotal | Status | Flags |
---|---|---|---|---|---|---|
r-devel-linux-x86_64-debian-clang | 3.1-37 | 105.24 | 159.91 | 265.15 | OK | |
r-devel-linux-x86_64-debian-gcc | 3.1-37 | 85.31 | 122.91 | 208.22 | OK | |
r-devel-linux-x86_64-fedora-clang | 3.1-37 | 379.91 | NOTE | |||
r-devel-linux-x86_64-fedora-gcc | 3.1-37 | 351.75 | OK | |||
r-devel-windows-ix86+x86_64 | 3.1-37 | 214.00 | 223.00 | 437.00 | OK | |
r-patched-linux-x86_64 | 3.1-37 | 102.51 | 148.72 | 251.23 | OK | |
r-patched-solaris-x86 | 3.1-37 | 345.50 | OK | |||
r-release-linux-x86_64 | 3.1-37 | 103.57 | 147.01 | 250.58 | OK | |
r-release-windows-ix86+x86_64 | 3.1-37 | 255.00 | 264.00 | 519.00 | OK | |
r-release-osx-x86_64 | 3.1-37 | NOTE | ||||
r-oldrel-windows-ix86+x86_64 | 3.1-37 | 182.00 | 225.00 | 407.00 | OK | |
r-oldrel-osx-x86_64 | 3.1-37 | NOTE |
Version: 3.1-37
Check: installed package size
Result: NOTE
installed size is 6.3Mb
sub-directories of 1Mb or more:
libs 4.8Mb
Flavors: r-devel-linux-x86_64-fedora-clang, r-release-osx-x86_64, r-oldrel-osx-x86_64