Last updated on 2019-03-27 00:48:04 CET.
Flavor | Version | Tinstall | Tcheck | Ttotal | Status | Flags |
---|---|---|---|---|---|---|
r-devel-linux-x86_64-debian-clang | 1.0-1 | 58.57 | 24.94 | 83.51 | OK | |
r-devel-linux-x86_64-debian-gcc | 1.0-1 | 50.94 | 21.75 | 72.69 | OK | |
r-devel-linux-x86_64-fedora-clang | 1.0-1 | 130.84 | NOTE | |||
r-devel-linux-x86_64-fedora-gcc | 1.0-1 | 116.50 | OK | |||
r-devel-windows-ix86+x86_64 | 1.0-1 | 112.00 | 74.00 | 186.00 | OK | |
r-patched-linux-x86_64 | 1.0-1 | 60.08 | 25.07 | 85.15 | OK | |
r-patched-solaris-x86 | 1.0-1 | 112.90 | OK | |||
r-release-linux-x86_64 | 1.0-1 | 66.18 | 25.01 | 91.19 | OK | |
r-release-windows-ix86+x86_64 | 1.0-1 | 139.00 | 62.00 | 201.00 | OK | |
r-release-osx-x86_64 | 1.0-1 | NOTE | ||||
r-oldrel-windows-ix86+x86_64 | 1.0-1 | 116.00 | 84.00 | 200.00 | OK | |
r-oldrel-osx-x86_64 | 1.0-1 | NOTE |
Version: 1.0-1
Check: installed package size
Result: NOTE
installed size is 20.2Mb
sub-directories of 1Mb or more:
libs 20.1Mb
Flavors: r-devel-linux-x86_64-fedora-clang, r-release-osx-x86_64, r-oldrel-osx-x86_64