CRAN Package Check Results for Package mistat

Last updated on 2019-03-27 00:48:05 CET.

Flavor Version Tinstall Tcheck Ttotal Status Flags
r-devel-linux-x86_64-debian-clang 1.0-5 3.11 52.31 55.42 OK
r-devel-linux-x86_64-debian-gcc 1.0-5 2.65 41.54 44.19 OK
r-devel-linux-x86_64-fedora-clang 1.0-5 66.14 NOTE
r-devel-linux-x86_64-fedora-gcc 1.0-5 63.41 NOTE
r-devel-windows-ix86+x86_64 1.0-5 12.00 67.00 79.00 OK
r-patched-linux-x86_64 1.0-5 2.94 35.48 38.42 OK
r-patched-solaris-x86 1.0-5 68.70 NOTE
r-release-linux-x86_64 1.0-5 2.57 34.62 37.19 OK
r-release-windows-ix86+x86_64 1.0-5 8.00 53.00 61.00 OK
r-release-osx-x86_64 1.0-5 NOTE
r-oldrel-windows-ix86+x86_64 1.0-5 6.00 74.00 80.00 OK
r-oldrel-osx-x86_64 1.0-5 NOTE

Check Details

Version: 1.0-5
Check: dependencies in R code
Result: NOTE
    Namespace in Imports field not imported from: ‘grDevices’
     All declared Imports should be used.
Flavors: r-devel-linux-x86_64-fedora-clang, r-devel-linux-x86_64-fedora-gcc, r-patched-solaris-x86, r-release-osx-x86_64, r-oldrel-osx-x86_64