CRAN Package Check Results for Package mlbgameday

Last updated on 2019-03-27 00:48:05 CET.

Flavor Version Tinstall Tcheck Ttotal Status Flags
r-devel-linux-x86_64-debian-clang 0.1.4 6.51 90.54 97.05 OK
r-devel-linux-x86_64-debian-gcc 0.1.4 5.35 70.27 75.62 OK
r-devel-linux-x86_64-fedora-clang 0.1.4 117.15 NOTE
r-devel-linux-x86_64-fedora-gcc 0.1.4 114.30 NOTE
r-devel-windows-ix86+x86_64 0.1.4 13.00 120.00 133.00 OK
r-patched-linux-x86_64 0.1.4 4.40 85.09 89.49 OK
r-patched-solaris-x86 0.1.4 162.00 NOTE
r-release-linux-x86_64 0.1.4 5.22 83.76 88.98 OK
r-release-windows-ix86+x86_64 0.1.4 13.00 127.00 140.00 OK
r-release-osx-x86_64 0.1.4 NOTE
r-oldrel-windows-ix86+x86_64 0.1.4 10.00 172.00 182.00 OK
r-oldrel-osx-x86_64 0.1.4 NOTE

Check Details

Version: 0.1.4
Check: dependencies in R code
Result: NOTE
    Namespaces in Imports field not imported from:
     ‘doParallel’ ‘iterators’ ‘parallel’
     All declared Imports should be used.
Flavors: r-devel-linux-x86_64-fedora-clang, r-devel-linux-x86_64-fedora-gcc, r-patched-solaris-x86, r-release-osx-x86_64, r-oldrel-osx-x86_64