Last updated on 2019-03-27 00:48:05 CET.
Flavor | Version | Tinstall | Tcheck | Ttotal | Status | Flags |
---|---|---|---|---|---|---|
r-devel-linux-x86_64-debian-clang | 3.2.2 | 10.04 | 284.69 | 294.73 | OK | --no-vignettes |
r-devel-linux-x86_64-debian-gcc | 3.2.2 | 10.53 | 216.73 | 227.26 | OK | --no-vignettes |
r-devel-linux-x86_64-fedora-clang | 3.2.2 | 392.46 | OK | --no-vignettes | ||
r-devel-linux-x86_64-fedora-gcc | 3.2.2 | 378.90 | OK | --no-vignettes | ||
r-devel-windows-ix86+x86_64 | 3.2.2 | 19.00 | 337.00 | 356.00 | OK | --no-vignettes |
r-patched-linux-x86_64 | 3.2.2 | 10.85 | 278.94 | 289.79 | OK | --no-vignettes |
r-patched-solaris-x86 | 3.2.2 | 673.50 | OK | --no-vignettes | ||
r-release-linux-x86_64 | 3.2.2 | 8.29 | 289.94 | 298.23 | OK | --no-vignettes |
r-release-windows-ix86+x86_64 | 3.2.2 | 20.00 | 325.00 | 345.00 | OK | --no-vignettes |
r-release-osx-x86_64 | 3.2.2 | FAIL | ||||
r-oldrel-windows-ix86+x86_64 | 3.2.2 | 11.00 | 349.00 | 360.00 | OK | --no-vignettes |
r-oldrel-osx-x86_64 | 3.2.2 | WARN |
Version: 3.2.2
Check: re-building of vignette outputs
Result: FAIL
Flavor: r-release-osx-x86_64
Version: 3.2.2
Check: re-building of vignette outputs
Result: WARN
Error in re-building vignettes:
...
Warning in engine$weave(file, quiet = quiet, encoding = enc) :
Pandoc (>= 1.12.3) and/or pandoc-citeproc not available. Falling back to R Markdown v1.
Attaching package: 'dplyr'
The following objects are masked from 'package:stats':
filter, lag
The following objects are masked from 'package:base':
intersect, setdiff, setequal, union
Quitting from lines 342-344 (tutorial.Rmd)
Error: processing vignette 'tutorial.Rmd' failed with diagnostics:
The model needs too many iterations to provide reliable parameter estimates !
Execution halted
Flavor: r-oldrel-osx-x86_64