CRAN Package Check Results for Package mousetrap

Last updated on 2019-03-27 00:48:05 CET.

Flavor Version Tinstall Tcheck Ttotal Status Flags
r-devel-linux-x86_64-debian-clang 3.1.2 94.31 85.19 179.50 OK
r-devel-linux-x86_64-debian-gcc 3.1.2 73.48 64.29 137.77 OK
r-devel-linux-x86_64-fedora-clang 3.1.2 261.45 NOTE
r-devel-linux-x86_64-fedora-gcc 3.1.2 234.84 OK
r-devel-windows-ix86+x86_64 3.1.2 183.00 153.00 336.00 OK
r-patched-linux-x86_64 3.1.2 86.84 84.59 171.43 OK
r-patched-solaris-x86 3.1.2 254.10 OK
r-release-linux-x86_64 3.1.2 83.41 85.25 168.66 OK
r-release-windows-ix86+x86_64 3.1.2 236.00 157.00 393.00 OK
r-release-osx-x86_64 3.1.2 OK
r-oldrel-windows-ix86+x86_64 3.1.2 180.00 213.00 393.00 OK
r-oldrel-osx-x86_64 3.1.2 OK

Check Details

Version: 3.1.2
Check: installed package size
Result: NOTE
     installed size is 5.3Mb
     sub-directories of 1Mb or more:
     data 2.0Mb
     libs 2.8Mb
Flavor: r-devel-linux-x86_64-fedora-clang