CRAN Package Check Results for Package mstknnclust

Last updated on 2019-03-27 00:48:05 CET.

Flavor Version Tinstall Tcheck Ttotal Status Flags
r-devel-linux-x86_64-debian-clang 0.1.0 1.98 29.80 31.78 WARN
r-devel-linux-x86_64-debian-gcc 0.1.0 1.59 22.82 24.41 OK
r-devel-linux-x86_64-fedora-clang 0.1.0 37.66 NOTE
r-devel-linux-x86_64-fedora-gcc 0.1.0 35.99 NOTE
r-devel-windows-ix86+x86_64 0.1.0 6.00 51.00 57.00 OK
r-patched-linux-x86_64 0.1.0 1.33 27.39 28.72 OK
r-patched-solaris-x86 0.1.0 57.60 NOTE
r-release-linux-x86_64 0.1.0 1.33 27.15 28.48 OK
r-release-windows-ix86+x86_64 0.1.0 4.00 42.00 46.00 OK
r-release-osx-x86_64 0.1.0 NOTE
r-oldrel-windows-ix86+x86_64 0.1.0 3.00 57.00 60.00 OK
r-oldrel-osx-x86_64 0.1.0 NOTE

Check Details

Version: 0.1.0
Check: whether package can be installed
Result: WARN
    Found the following significant warnings:
     Warning: unable to re-encode 'dsyeastexpression.R' line 15
Flavor: r-devel-linux-x86_64-debian-clang

Version: 0.1.0
Check: dependencies in R code
Result: NOTE
    Namespace in Imports field not imported from: ‘amap’
     All declared Imports should be used.
Flavors: r-devel-linux-x86_64-fedora-clang, r-devel-linux-x86_64-fedora-gcc, r-patched-solaris-x86, r-release-osx-x86_64, r-oldrel-osx-x86_64