Last updated on 2019-03-27 00:48:05 CET.
Flavor | Version | Tinstall | Tcheck | Ttotal | Status | Flags |
---|---|---|---|---|---|---|
r-devel-linux-x86_64-debian-clang | 1.0.0 | 1.38 | 19.84 | 21.22 | WARN | |
r-devel-linux-x86_64-debian-gcc | 1.0.0 | 1.30 | 16.28 | 17.58 | OK | |
r-devel-linux-x86_64-fedora-clang | 1.0.0 | 25.95 | OK | |||
r-devel-linux-x86_64-fedora-gcc | 1.0.0 | 24.95 | OK | |||
r-devel-windows-ix86+x86_64 | 1.0.0 | 7.00 | 37.00 | 44.00 | OK | |
r-patched-linux-x86_64 | 1.0.0 | 0.82 | 18.40 | 19.22 | OK | |
r-patched-solaris-x86 | 1.0.0 | 37.30 | OK | |||
r-release-linux-x86_64 | 1.0.0 | 0.84 | 18.44 | 19.28 | OK | |
r-release-windows-ix86+x86_64 | 1.0.0 | 3.00 | 43.00 | 46.00 | OK | |
r-release-osx-x86_64 | 1.0.0 | OK | ||||
r-oldrel-windows-ix86+x86_64 | 1.0.0 | 2.00 | 50.00 | 52.00 | OK | |
r-oldrel-osx-x86_64 | 1.0.0 | OK |
Version: 1.0.0
Check: whether package can be installed
Result: WARN
Found the following significant warnings:
Warning: unable to re-encode 'intersection.R' line 6
Flavor: r-devel-linux-x86_64-debian-clang