Last updated on 2019-03-27 00:48:06 CET.
Flavor | Version | Tinstall | Tcheck | Ttotal | Status | Flags |
---|---|---|---|---|---|---|
r-devel-linux-x86_64-debian-clang | 1.0 | 79.22 | 29.88 | 109.10 | NOTE | |
r-devel-linux-x86_64-debian-gcc | 1.0 | 62.83 | 22.69 | 85.52 | NOTE | |
r-devel-linux-x86_64-fedora-clang | 1.0 | 177.22 | NOTE | |||
r-devel-linux-x86_64-fedora-gcc | 1.0 | 159.55 | NOTE | |||
r-devel-windows-ix86+x86_64 | 1.0 | 253.00 | 78.00 | 331.00 | NOTE | |
r-patched-linux-x86_64 | 1.0 | 81.54 | 26.77 | 108.31 | NOTE | |
r-patched-solaris-x86 | 1.0 | 149.50 | NOTE | |||
r-release-linux-x86_64 | 1.0 | 78.61 | 26.80 | 105.41 | NOTE | |
r-release-windows-ix86+x86_64 | 1.0 | 248.00 | 79.00 | 327.00 | NOTE | |
r-release-osx-x86_64 | 1.0 | NOTE | ||||
r-oldrel-windows-ix86+x86_64 | 1.0 | 195.00 | 64.00 | 259.00 | NOTE | |
r-oldrel-osx-x86_64 | 1.0 | NOTE |
Version: 1.0
Check: DESCRIPTION meta-information
Result: NOTE
Checking should be performed on sources prepared by 'R CMD build'.
Flavors: r-devel-linux-x86_64-debian-clang, r-devel-linux-x86_64-debian-gcc, r-devel-linux-x86_64-fedora-clang, r-devel-linux-x86_64-fedora-gcc, r-devel-windows-ix86+x86_64, r-patched-linux-x86_64, r-patched-solaris-x86, r-release-linux-x86_64, r-release-windows-ix86+x86_64, r-release-osx-x86_64, r-oldrel-windows-ix86+x86_64, r-oldrel-osx-x86_64
Version: 1.0
Check: compiled code
Result: NOTE
File ‘mvcluster/libs/mvcluster.so’:
Found no calls to: ‘R_registerRoutines’, ‘R_useDynamicSymbols’
It is good practice to register native routines and to disable symbol
search.
See ‘Writing portable packages’ in the ‘Writing R Extensions’ manual.
Flavors: r-devel-linux-x86_64-fedora-clang, r-devel-linux-x86_64-fedora-gcc