Last updated on 2019-03-27 00:48:06 CET.
Flavor | Version | Tinstall | Tcheck | Ttotal | Status | Flags |
---|---|---|---|---|---|---|
r-devel-linux-x86_64-debian-clang | 0.1.1 | 9.41 | 64.64 | 74.05 | OK | |
r-devel-linux-x86_64-debian-gcc | 0.1.1 | 8.23 | 52.50 | 60.73 | OK | |
r-devel-linux-x86_64-fedora-clang | 0.1.1 | 93.63 | NOTE | |||
r-devel-linux-x86_64-fedora-gcc | 0.1.1 | 87.86 | NOTE | |||
r-devel-windows-ix86+x86_64 | 0.1.1 | 23.00 | 75.00 | 98.00 | OK | |
r-patched-linux-x86_64 | 0.1.1 | 6.22 | 61.50 | 67.72 | OK | |
r-patched-solaris-x86 | 0.1.1 | 132.10 | NOTE | |||
r-release-linux-x86_64 | 0.1.1 | 5.64 | 62.21 | 67.85 | OK | |
r-release-windows-ix86+x86_64 | 0.1.1 | 16.00 | 73.00 | 89.00 | OK | |
r-release-osx-x86_64 | 0.1.1 | NOTE | ||||
r-oldrel-windows-ix86+x86_64 | 0.1.1 | 11.00 | 96.00 | 107.00 | OK | |
r-oldrel-osx-x86_64 | 0.1.1 | NOTE |
Version: 0.1.1
Check: dependencies in R code
Result: NOTE
Namespaces in Imports field not imported from:
‘Deriv’ ‘compiler’ ‘stringi’
All declared Imports should be used.
Flavors: r-devel-linux-x86_64-fedora-clang, r-devel-linux-x86_64-fedora-gcc, r-patched-solaris-x86, r-release-osx-x86_64, r-oldrel-osx-x86_64