CRAN Package Check Results for Package networktree

Last updated on 2019-03-27 00:48:06 CET.

Flavor Version Tinstall Tcheck Ttotal Status Flags
r-devel-linux-x86_64-debian-clang 0.2.1 8.61 55.95 64.56 OK
r-devel-linux-x86_64-debian-gcc 0.2.1 6.62 44.62 51.24 OK
r-devel-linux-x86_64-fedora-clang 0.2.1 77.23 NOTE
r-devel-linux-x86_64-fedora-gcc 0.2.1 75.76 NOTE
r-devel-windows-ix86+x86_64 0.2.1 15.00 68.00 83.00 OK
r-patched-linux-x86_64 0.2.1 5.23 52.55 57.78 OK
r-patched-solaris-x86 0.2.1 116.70 NOTE
r-release-linux-x86_64 0.2.1 4.43 52.27 56.70 OK
r-release-windows-ix86+x86_64 0.2.1 12.00 86.00 98.00 OK
r-release-osx-x86_64 0.2.1 NOTE
r-oldrel-windows-ix86+x86_64 0.2.1 9.00 72.00 81.00 OK
r-oldrel-osx-x86_64 0.2.1 NOTE

Check Details

Version: 0.2.1
Check: data for non-ASCII characters
Result: NOTE
     Note: found 2 marked Latin-1 strings
Flavors: r-devel-linux-x86_64-fedora-clang, r-devel-linux-x86_64-fedora-gcc, r-patched-solaris-x86, r-release-osx-x86_64, r-oldrel-osx-x86_64