Last updated on 2019-03-27 00:48:06 CET.
Flavor | Version | Tinstall | Tcheck | Ttotal | Status | Flags |
---|---|---|---|---|---|---|
r-devel-linux-x86_64-debian-clang | 0.2-0 | 2.21 | 30.60 | 32.81 | WARN | |
r-devel-linux-x86_64-debian-gcc | 0.2-0 | 1.90 | 24.30 | 26.20 | OK | |
r-devel-linux-x86_64-fedora-clang | 0.2-0 | 39.98 | OK | |||
r-devel-linux-x86_64-fedora-gcc | 0.2-0 | 40.29 | OK | |||
r-devel-windows-ix86+x86_64 | 0.2-0 | 8.00 | 45.00 | 53.00 | OK | |
r-patched-linux-x86_64 | 0.2-0 | 1.12 | 28.50 | 29.62 | OK | |
r-patched-solaris-x86 | 0.2-0 | 56.80 | OK | |||
r-release-linux-x86_64 | 0.2-0 | 1.56 | 28.63 | 30.19 | OK | |
r-release-windows-ix86+x86_64 | 0.2-0 | 6.00 | 56.00 | 62.00 | OK | |
r-release-osx-x86_64 | 0.2-0 | OK | ||||
r-oldrel-windows-ix86+x86_64 | 0.2-0 | 4.00 | 54.00 | 58.00 | OK | |
r-oldrel-osx-x86_64 | 0.2-0 | OK |
Version: 0.2-0
Check: whether package can be installed
Result: WARN
Found the following significant warnings:
Warning: unable to re-encode 'FEDFUNDS.R' lines 51, 52, 53
Warning: unable to re-encode 'SP500.R' line 23
Flavor: r-devel-linux-x86_64-debian-clang