Last updated on 2019-03-27 00:48:06 CET.
Flavor | Version | Tinstall | Tcheck | Ttotal | Status | Flags |
---|---|---|---|---|---|---|
r-devel-linux-x86_64-debian-clang | 0.5.0 | 3.95 | 39.34 | 43.29 | OK | |
r-devel-linux-x86_64-debian-gcc | 0.5.0 | 2.96 | 31.75 | 34.71 | OK | |
r-devel-linux-x86_64-fedora-clang | 0.5.0 | 53.98 | NOTE | |||
r-devel-linux-x86_64-fedora-gcc | 0.5.0 | 50.25 | NOTE | |||
r-devel-windows-ix86+x86_64 | 0.5.0 | 12.00 | 56.00 | 68.00 | OK | |
r-patched-linux-x86_64 | 0.5.0 | 2.42 | 38.07 | 40.49 | OK | |
r-patched-solaris-x86 | 0.5.0 | 77.80 | NOTE | |||
r-release-linux-x86_64 | 0.5.0 | 2.33 | 38.25 | 40.58 | OK | |
r-release-windows-ix86+x86_64 | 0.5.0 | 8.00 | 74.00 | 82.00 | OK | |
r-release-osx-x86_64 | 0.5.0 | NOTE | ||||
r-oldrel-windows-ix86+x86_64 | 0.5.0 | 6.00 | 60.00 | 66.00 | OK | |
r-oldrel-osx-x86_64 | 0.5.0 | NOTE |
Version: 0.5.0
Check: dependencies in R code
Result: NOTE
Namespaces in Imports field not imported from:
‘ProjectTemplate’ ‘devtools’ ‘plyr’ ‘survival’
All declared Imports should be used.
Flavors: r-devel-linux-x86_64-fedora-clang, r-devel-linux-x86_64-fedora-gcc, r-patched-solaris-x86, r-release-osx-x86_64, r-oldrel-osx-x86_64