CRAN Package Check Results for Package nlreg

Last updated on 2019-03-27 00:48:06 CET.

Flavor Version Tinstall Tcheck Ttotal Status Flags
r-devel-linux-x86_64-debian-clang 1.2-2.2 9.68 82.54 92.22 OK
r-devel-linux-x86_64-debian-gcc 1.2-2.2 9.25 62.24 71.49 OK
r-devel-linux-x86_64-fedora-clang 1.2-2.2 109.17 OK
r-devel-linux-x86_64-fedora-gcc 1.2-2.2 104.78 OK
r-devel-windows-ix86+x86_64 1.2-2.2 25.00 110.00 135.00 OK
r-patched-linux-x86_64 1.2-2.2 7.70 76.73 84.43 OK
r-patched-solaris-x86 1.2-2.2 151.90 OK
r-release-linux-x86_64 1.2-2.2 8.20 76.64 84.84 OK
r-release-windows-ix86+x86_64 1.2-2.2 18.00 90.00 108.00 OK
r-release-osx-x86_64 1.2-2.2 OK
r-oldrel-windows-ix86+x86_64 1.2-2.1 8.00 114.00 122.00 OK
r-oldrel-osx-x86_64 1.2-2.2 ERROR

Check Details

Version: 1.2-2.2
Check: whether package can be installed
Result: ERROR
    Installation failed.
Flavor: r-oldrel-osx-x86_64