CRAN Package Check Results for Package norm

Last updated on 2019-03-27 00:48:06 CET.

Flavor Version Tinstall Tcheck Ttotal Status Flags
r-devel-linux-x86_64-debian-clang 1.0-9.5 3.82 20.54 24.36 NOTE
r-devel-linux-x86_64-debian-gcc 1.0-9.5 3.15 16.58 19.73 NOTE
r-devel-linux-x86_64-fedora-clang 1.0-9.5 29.24 NOTE
r-devel-linux-x86_64-fedora-gcc 1.0-9.5 27.22 NOTE
r-devel-windows-ix86+x86_64 1.0-9.5 17.00 51.00 68.00 NOTE
r-patched-linux-x86_64 1.0-9.5 2.60 18.71 21.31 NOTE
r-patched-solaris-x86 1.0-9.5 39.70 NOTE
r-release-linux-x86_64 1.0-9.5 2.71 18.62 21.33 NOTE
r-release-windows-ix86+x86_64 1.0-9.5 9.00 34.00 43.00 NOTE
r-release-osx-x86_64 1.0-9.5 NOTE
r-oldrel-windows-ix86+x86_64 1.0-9.5 8.00 43.00 51.00 NOTE
r-oldrel-osx-x86_64 1.0-9.5 NOTE

Check Details

Version: 1.0-9.5
Check: DESCRIPTION meta-information
Result: NOTE
    Malformed Description field: should contain one or more complete sentences.
Flavors: r-devel-linux-x86_64-debian-clang, r-devel-linux-x86_64-debian-gcc, r-devel-linux-x86_64-fedora-clang, r-devel-linux-x86_64-fedora-gcc, r-devel-windows-ix86+x86_64, r-patched-linux-x86_64, r-patched-solaris-x86, r-release-linux-x86_64, r-release-windows-ix86+x86_64, r-release-osx-x86_64, r-oldrel-windows-ix86+x86_64, r-oldrel-osx-x86_64

Version: 1.0-9.5
Check: R code for possible problems
Result: NOTE
    mi.inference: no visible binding for global variable 'var'
    mi.inference: no visible global function definition for 'qt'
    mi.inference: no visible global function definition for 'pt'
    Undefined global functions or variables:
     pt qt var
    Consider adding
     importFrom("stats", "pt", "qt", "var")
    to your NAMESPACE file.
Flavors: r-devel-linux-x86_64-debian-clang, r-devel-linux-x86_64-debian-gcc, r-devel-linux-x86_64-fedora-clang, r-devel-linux-x86_64-fedora-gcc, r-devel-windows-ix86+x86_64, r-patched-linux-x86_64, r-patched-solaris-x86, r-release-linux-x86_64, r-release-windows-ix86+x86_64, r-release-osx-x86_64, r-oldrel-windows-ix86+x86_64, r-oldrel-osx-x86_64

Version: 1.0-9.5
Check: compiled code
Result: NOTE
    File ‘norm/libs/norm.so’:
     Found no calls to: ‘R_registerRoutines’, ‘R_useDynamicSymbols’
    
    It is good practice to register native routines and to disable symbol
    search.
    
    See ‘Writing portable packages’ in the ‘Writing R Extensions’ manual.
Flavors: r-devel-linux-x86_64-fedora-clang, r-devel-linux-x86_64-fedora-gcc