Last updated on 2019-03-27 00:48:06 CET.
Flavor | Version | Tinstall | Tcheck | Ttotal | Status | Flags |
---|---|---|---|---|---|---|
r-devel-linux-x86_64-debian-clang | 0.1.1 | 3.48 | 31.25 | 34.73 | OK | |
r-devel-linux-x86_64-debian-gcc | 0.1.1 | 2.38 | 25.03 | 27.41 | OK | |
r-devel-linux-x86_64-fedora-clang | 0.1.1 | 43.04 | OK | |||
r-devel-linux-x86_64-fedora-gcc | 0.1.1 | 38.93 | OK | |||
r-devel-windows-ix86+x86_64 | 0.1.1 | 9.00 | 49.00 | 58.00 | OK | |
r-patched-linux-x86_64 | 0.1.1 | 2.16 | 29.78 | 31.94 | NOTE | |
r-patched-solaris-x86 | 0.1.1 | 62.60 | OK | |||
r-release-linux-x86_64 | 0.1.1 | 1.67 | 29.79 | 31.46 | NOTE | |
r-release-windows-ix86+x86_64 | 0.1.1 | 11.00 | 123.00 | 134.00 | OK | |
r-release-osx-x86_64 | 0.1.1 | OK | ||||
r-oldrel-windows-ix86+x86_64 | 0.1.1 | 5.00 | 138.00 | 143.00 | OK | |
r-oldrel-osx-x86_64 | 0.1.1 | OK |
Version: 0.1.1
Check: DESCRIPTION meta-information
Result: NOTE
Dependence on R version ‘3.3.3’ not with patchlevel 0
Flavors: r-patched-linux-x86_64, r-release-linux-x86_64