CRAN Package Check Results for Package nutshell.bbdb

Last updated on 2019-03-27 00:48:07 CET.

Flavor Version Tinstall Tcheck Ttotal Status Flags
r-devel-linux-x86_64-debian-clang 1.0 3.59 10.56 14.15 NOTE
r-devel-linux-x86_64-debian-gcc 1.0 2.97 8.59 11.56 NOTE
r-devel-linux-x86_64-fedora-clang 1.0 14.74 NOTE
r-devel-linux-x86_64-fedora-gcc 1.0 14.47 NOTE
r-devel-windows-ix86+x86_64 1.0 17.00 28.00 45.00 NOTE
r-patched-linux-x86_64 1.0 3.98 10.03 14.01 NOTE
r-patched-solaris-x86 1.0 25.40 NOTE
r-release-linux-x86_64 1.0 3.48 9.93 13.41 NOTE
r-release-windows-ix86+x86_64 1.0 16.00 32.00 48.00 NOTE
r-release-osx-x86_64 1.0 NOTE
r-oldrel-windows-ix86+x86_64 1.0 14.00 31.00 45.00 NOTE
r-oldrel-osx-x86_64 1.0 NOTE

Check Details

Version: 1.0
Check: DESCRIPTION meta-information
Result: NOTE
    Malformed Description field: should contain one or more complete sentences.
    Deprecated license: CC BY-NC-ND 3.0 US
Flavors: r-devel-linux-x86_64-debian-clang, r-devel-linux-x86_64-debian-gcc, r-devel-linux-x86_64-fedora-clang, r-devel-linux-x86_64-fedora-gcc, r-patched-linux-x86_64, r-patched-solaris-x86, r-release-linux-x86_64, r-release-osx-x86_64, r-oldrel-osx-x86_64

Version: 1.0
Check: installed package size
Result: NOTE
     installed size is 39.0Mb
     sub-directories of 1Mb or more:
     extdata 38.9Mb
Flavors: r-devel-linux-x86_64-fedora-clang, r-devel-windows-ix86+x86_64, r-patched-solaris-x86, r-release-windows-ix86+x86_64, r-release-osx-x86_64, r-oldrel-windows-ix86+x86_64, r-oldrel-osx-x86_64

Version: 1.0
Check: DESCRIPTION meta-information
Result: NOTE
    Malformed Description field: should contain one or more complete sentences.
Flavors: r-devel-windows-ix86+x86_64, r-release-windows-ix86+x86_64, r-oldrel-windows-ix86+x86_64