Last updated on 2019-03-27 00:48:07 CET.
Flavor | Version | Tinstall | Tcheck | Ttotal | Status | Flags |
---|---|---|---|---|---|---|
r-devel-linux-x86_64-debian-clang | 2.0 | 2.58 | 41.21 | 43.79 | NOTE | |
r-devel-linux-x86_64-debian-gcc | 2.0 | 1.90 | 33.64 | 35.54 | NOTE | |
r-devel-linux-x86_64-fedora-clang | 2.0 | 52.54 | NOTE | |||
r-devel-linux-x86_64-fedora-gcc | 2.0 | 50.59 | NOTE | |||
r-devel-windows-ix86+x86_64 | 2.0 | 7.00 | 74.00 | 81.00 | NOTE | |
r-patched-linux-x86_64 | 2.0 | 1.89 | 32.17 | 34.06 | NOTE | |
r-patched-solaris-x86 | 2.0 | 62.20 | NOTE | |||
r-release-linux-x86_64 | 2.0 | 1.21 | 32.10 | 33.31 | NOTE | |
r-release-windows-ix86+x86_64 | 2.0 | 6.00 | 48.00 | 54.00 | NOTE | |
r-release-osx-x86_64 | 2.0 | NOTE | ||||
r-oldrel-windows-ix86+x86_64 | 2.0 | 4.00 | 73.00 | 77.00 | NOTE | |
r-oldrel-osx-x86_64 | 2.0 | NOTE |
Version: 2.0
Check: DESCRIPTION meta-information
Result: NOTE
Malformed Description field: should contain one or more complete sentences.
Deprecated license: CC BY-NC-ND 3.0 US
Flavors: r-devel-linux-x86_64-debian-clang, r-devel-linux-x86_64-debian-gcc, r-devel-linux-x86_64-fedora-clang, r-devel-linux-x86_64-fedora-gcc, r-patched-linux-x86_64, r-patched-solaris-x86, r-release-linux-x86_64, r-release-osx-x86_64, r-oldrel-osx-x86_64
Version: 2.0
Check: dependencies in R code
Result: NOTE
Packages in Depends field not imported from:
'nutshell.audioscrobbler' 'nutshell.bbdb'
These packages need to be imported from (in the NAMESPACE file)
for when this namespace is loaded but not attached.
Flavors: r-devel-linux-x86_64-debian-clang, r-devel-linux-x86_64-debian-gcc, r-devel-linux-x86_64-fedora-clang, r-devel-linux-x86_64-fedora-gcc, r-devel-windows-ix86+x86_64, r-patched-linux-x86_64, r-patched-solaris-x86, r-release-linux-x86_64, r-release-windows-ix86+x86_64, r-release-osx-x86_64, r-oldrel-windows-ix86+x86_64, r-oldrel-osx-x86_64
Version: 2.0
Check: installed package size
Result: NOTE
installed size is 8.8Mb
sub-directories of 1Mb or more:
data 8.7Mb
Flavors: r-devel-linux-x86_64-fedora-clang, r-devel-windows-ix86+x86_64, r-patched-solaris-x86, r-release-windows-ix86+x86_64, r-release-osx-x86_64, r-oldrel-windows-ix86+x86_64, r-oldrel-osx-x86_64
Version: 2.0
Check: DESCRIPTION meta-information
Result: NOTE
Malformed Description field: should contain one or more complete sentences.
Flavors: r-devel-windows-ix86+x86_64, r-release-windows-ix86+x86_64, r-oldrel-windows-ix86+x86_64